by 8?
2
Calculate the remainder when 9844 is divided by 394.
388
What is the remainder when 239544 is divided by 176?
8
Calculate the remainder when 166629 is divided by 58.
53
What is the remainder when 73758 is divided by 461?
459
Calculate the remainder when 4129 is divided by 2056.
17
What is the remainder when 1939461 is divided by 162?
159
Calculate the remainder when 159191 is divided by 108.
107
What is the remainder when 1341581 is divided by 8?
5
Calculate the remainder when 2335 is divided by 83.
11
What is the remainder when 5288 is divided by 190?
158
Calculate the remainder when 70832 is divided by 7869.
11
Calculate the remainder when 1899 is divided by 467.
31
What is the remainder when 271788 is divided by 1562?
0
What is the remainder when 20546 is divided by 605?
581
Calculate the remainder when 107453 is divided by 568.
101
What is the remainder when 328108 is divided by 39?
1
What is the remainder when 5712 is divided by 1116?
132
What is the remainder when 28396 is divided by 9457?
25
Calculate the remainder when 45883 is divided by 8.
3
Calculate the remainder when 845 is divided by 246.
107
Calculate the remainder when 4933 is divided by 66.
49
Calculate the remainder when 5992 is divided by 82.
6
Calculate the remainder when 48007 is divided by 136.
135
Calculate the remainder when 3283199 is divided by 108.
107
Calculate the remainder when 4011 is divided by 340.
271
Calculate the remainder when 52157 is divided by 13.
1
Calculate the remainder when 22310 is divided by 5.
0
Calculate the remainder when 23782 is divided by 14.
10
What is the remainder when 35842 is divided by 6?
4
What is the remainder when 12703 is divided by 6324?
55
Calculate the remainder when 21820 is divided by 442.
162
What is the remainder when 112158 is divided by 37299?
261
What is the remainder when 24749 is divided by 1581?
1034
Calculate the remainder when 411124 is divided by 66.
10
Calculate the remainder when 3310 is divided by 12.
10
What is the remainder when 1143127 is divided by 19052?
7
Calculate the remainder when 6538 is divided by 2170.
28
Calculate the remainder when 11821 is divided by 2361.
16
What is the remainder when 26701 is divided by 64?
13
What is the remainder when 1790 is divided by 150?
140
What is the remainder when 5705 is divided by 1365?
245
Calculate the remainder when 166506 is divided by 92.
78
Calculate the remainder when 4703 is divided by 700.
503
What is the remainder when 8488 is divided by 339?
13
What is the remainder when 740672 is divided by 53?
50
Calculate the remainder when 297374 is divided by 17.
10
Calculate the remainder when 28735 is divided by 505.
455
Calculate the remainder when 247965 is divided by 21.
18
Calculate the remainder when 1453835 is divided by 22.
9
Calculate the remainder when 16055 is divided by 207.
116
What is the remainder when 97523 is divided by 4240?
3
What is the remainder when 1197 is divided by 319?
240
Calculate the remainder when 1626 is divided by 1187.
439
Calculate the remainder when 2824 is divided by 2697.
127
What is the remainder when 38518 is divided by 1132?
30
What is the remainder when 23044 is divided by 138?
136
Calculate the remainder when 4230 is divided by 4192.
38
What is the remainder when 10664 is divided by 2665?
4
Calculate the remainder when 106022 is divided by 419.
15
What is the remainder when 1590 is divided by 130?
30
What is the remainder when 1667 is divided by 950?
717
Calculate the remainder when 203820 is divided by 49.
29
What is the remainder when 31669 is divided by 73?
60
What is the remainder when 22022 is divided by 96?
38
What is the remainder when 3434 is divided by 379?
23
What is the remainder when 3694955 is divided by 335905?
0
Calculate the remainder when 17341 is divided by 78.
25
What is the remainder when 2476 is divided by 70?
26
Calculate the remainder when 186708 is divided by 23338.
4
Calculate the remainder when 303095 is divided by 2.
1
What is the remainder when 365303 is divided by 57?
47
What is the remainder when 95054 is divided by 136?
126
What is the remainder when 4570 is divided by 1142?
2
Calculate the remainder when 41744 is divided by 253.
252
Calculate the remainder when 1248071 is divided by 19.
18
Calculate the remainder when 27958 is divided by 4657.
16
What is the remainder when 85755 is divided by 686?
5
Calculate the remainder when 27079 is divided by 6768.
7
What is the remainder when 975 is divided by 886?
89
Calculate the remainder when 270343 is divided by 1609.
31
What is the remainder when 45841 is divided by 173?
169
Calculate the remainder when 4723 is divided by 595.
558
What is the remainder when 790 is divided by 463?
327
What is the remainder when 2564 is divided by 2202?
362
Calculate the remainder when 2918 is divided by 48.
38
Calculate the remainder when 80972 is divided by 11566.
10
Calculate the remainder when 33739 is divided by 1248.
43
What is the remainder when 41418 is divided by 76?
74
What is the remainder when 39838 is divided by 324?
310
What is the remainder when 2133417 is divided by 370?
367
Calculate the remainder when 33536 is divided by 1397.
8
What is the remainder when 24324 is divided by 205?
134
Calculate the remainder when 5598 is divided by 12.
6
Calculate the remainder when 95397 is divided by 82.
31
Calculate the remainder when 12601 is divided by 69.
43
Calculate the remainder when 6556 is divided by 2166.
58
Calculate the remainder when 15426 is divided by 7678.
70
Calculate the remainder when 250060 is divided by 32.
12
Calculate the remainder when 47762 is divided by 419.
415
Calculate the remainder when 299733 is divided by 552.
549
Calculate the remainder when 20715 is divided by 2568.
171
What is the remainder when 74631 is divided by 26?
11
What is the remainder when 113946 is divided by 265?
261
Calculate the remainder when 27985 is divided by 84.
13
Calculate the remainder when 8790 is divided by 1463.
12
What is the remainder when 23964 is divided by 869?
501
Calculate the remainder when 17876 is divided by 164.
0
What is the remainder when 7014 is divided by 340?
214
What is the remainder when 114463 is divided by 12?
7
Calculate the remainder when 2963 is divided by 334.
291
Calculate the remainder when 84825 is divided by 2.
1
What is the remainder when 10713 is divided by 2673?
21
Calculate the remainder when 8414 is divided by 48.
14
Calculate the remainder when 26546 is divided by 2444.
2106
Calculate the remainder when 58794 is divided by 354.
30
What is the remainder when 8606 is divided by 196?
178
What is the remainder when 88 is divided by 7?
4
Calculate the remainder when 107598 is divided by 53777.
44
Calculate the remainder when 119114 is divided by 59551.
12
Calculate the remainder when 1318 is divided by 79.
54
Calculate the remainder when 24070 is divided by 73.
53
What is the remainder when 17499 is divided by 16?
11
What is the remainder when 4955 is divided by 25?
5
What is the remainder when 2421 is divided by 1006?
409
Calculate the remainder when 27261 is divided by 317.
316
What is the remainder when 5480 is divided by 545?
30
Calculate the remainder when 67850 is divided by 2055.
35
What is the remainder when 75992 is divided by 380?
372
What is the remainder when 43556 is divided by 78?
32
What is the remainder when 2754 is divided by 526?
124
Calculate the remainder when 716289 is divided by 662.
5
Calculate the remainder when 64963 is divided by 12990.
13
What is the remainder when 4430 is divided by 55?
30
What is the remainder when 24468 is divided by 1529?
4
What is the remainder when 7859 is divided by 1950?
59
What is the remainder when 173235 is divided by 161?
160
What is the remainder when 152887 is divided by 1033?
3
What is the remainder when 1893 is divided by 121?
78
Calculate the remainder when 29022 is divided by 32.
30
What is the remainder when 11662 is divided by 97?
22
What is the remainder when 18349 is divided by 1522?
85
What is the remainder when 4099 is divided by 1404?
1291
Calculate the remainder when 1632 is divided by 13.
7
Calculate the remainder when 6094736 is divided by 442.
440
What is the remainder when 186851 is divided by 23?
22
Calculate the remainder when 4387 is divided b